{"id":15,"date":"2018-03-25T11:57:37","date_gmt":"2018-03-25T09:57:37","guid":{"rendered":"http:\/\/serwer1826829.home.pl\/?page_id=15"},"modified":"2019-01-16T21:39:53","modified_gmt":"2019-01-16T20:39:53","slug":"aktualnosci","status":"publish","type":"page","link":"https:\/\/www.reklamywwindach.zgora.pl\/index.php\/aktualnosci\/","title":{"rendered":"Aktualno\u015bci"},"content":{"rendered":"<p><strong>REKLAMY W WINDACH TO &#8211; PLAKATY REKLAMOWE!<\/strong><\/p>\n<p><strong>Reklama w windzie<\/strong><strong>&nbsp;<\/strong>to plakaty z reklamami umieszczone w ramkach o wymiarach 100 cm wys. x 70 cm szer. w 110 windach&nbsp; dzi\u0119ki kt\u00f3rym docieramy do 26 000 tysi\u0119cy os\u00f3b ka\u017cdego dnia co nam daje&nbsp; &nbsp;3 000 000 miliony spojrze\u0144 miesi\u0119cznie i to wszystko na terenie Zielonej G\u00f3ry.<\/p>\n<p>Plakaty reklamowe drukujemy na wysokiej jako\u015bci papierze kredowym umieszczone w estetycznych stalowych ramkach zabezpieczone dodatkowo przezroczyst\u0105 p\u0142yt\u0105 z poliw\u0119glanu litego. Staranna konstrukcja zapewnia spe\u0142nia wszelkie wymogi oraz zapewnia trwa\u0142o\u015b\u0107 reklam.<\/p>\n<p><strong>Plakaty<\/strong>&nbsp;podzielone s\u0105 na 48 modu\u0142\u00f3w. Jeden modu\u0142 to minimalna wielko\u015b\u0107 reklamy, wi\u0119ksze og\u0142oszenia stanowi\u0105 wielokrotno\u015b\u0107 modu\u0142u. Mo\u017cecie Pa\u0144stwo zam\u00f3wi\u0107 dowoln\u0105 dost\u0119pn\u0105 liczb\u0119 modu\u0142\u00f3w na naszych&nbsp;<strong>tablicach<\/strong> <strong>reklamowych<\/strong><strong>.<\/strong><\/p>\n","protected":false},"excerpt":{"rendered":"<p>REKLAMY W WINDACH TO &#8211; PLAKATY REKLAMOWE! Reklama w windzie&nbsp;to plakaty z reklamami umieszczone w ramkach o wymiarach 100 cm wys. x 70 cm szer. w 110 windach&nbsp; dzi\u0119ki kt\u00f3rym docieramy do 26 000 tysi\u0119cy os\u00f3b ka\u017cdego dnia co nam daje&nbsp; &nbsp;3 000 000 miliony spojrze\u0144 miesi\u0119cznie i to wszystko na terenie Zielonej G\u00f3ry. Plakaty [&hellip;]<\/p>\n","protected":false},"author":1,"featured_media":27,"parent":0,"menu_order":0,"comment_status":"closed","ping_status":"closed","template":"","meta":{"footnotes":""},"class_list":["post-15","page","type-page","status-publish","has-post-thumbnail","czr-hentry"],"_links":{"self":[{"href":"https:\/\/www.reklamywwindach.zgora.pl\/index.php\/wp-json\/wp\/v2\/pages\/15","targetHints":{"allow":["GET"]}}],"collection":[{"href":"https:\/\/www.reklamywwindach.zgora.pl\/index.php\/wp-json\/wp\/v2\/pages"}],"about":[{"href":"https:\/\/www.reklamywwindach.zgora.pl\/index.php\/wp-json\/wp\/v2\/types\/page"}],"author":[{"embeddable":true,"href":"https:\/\/www.reklamywwindach.zgora.pl\/index.php\/wp-json\/wp\/v2\/users\/1"}],"replies":[{"embeddable":true,"href":"https:\/\/www.reklamywwindach.zgora.pl\/index.php\/wp-json\/wp\/v2\/comments?post=15"}],"version-history":[{"count":5,"href":"https:\/\/www.reklamywwindach.zgora.pl\/index.php\/wp-json\/wp\/v2\/pages\/15\/revisions"}],"predecessor-version":[{"id":322,"href":"https:\/\/www.reklamywwindach.zgora.pl\/index.php\/wp-json\/wp\/v2\/pages\/15\/revisions\/322"}],"wp:featuredmedia":[{"embeddable":true,"href":"https:\/\/www.reklamywwindach.zgora.pl\/index.php\/wp-json\/wp\/v2\/media\/27"}],"wp:attachment":[{"href":"https:\/\/www.reklamywwindach.zgora.pl\/index.php\/wp-json\/wp\/v2\/media?parent=15"}],"curies":[{"name":"wp","href":"https:\/\/api.w.org\/{rel}","templated":true}]}}